477 is divided by a(35)?
27
Suppose 631 + 1571 = 6*j. Calculate the remainder when j is divided by -16*(-3 - -5)/((-6)/3).
15
Let l(c) = 2*c**2 + 46*c - 979. What is the remainder when 602 is divided by l(-38)?
119
Let t = 6733 - 6591. Calculate the remainder when 2695 is divided by t.
139
Suppose 2 = -r, 2*y - 5*r = 21 - 5. What is the remainder when 120 is divided by ((2214/2)/9)/y?
38
Let l = 6 + 195. Calculate the remainder when l is divided by 34.
31
Let y(x) = 9*x**2 + 48*x + 279. What is the remainder when y(-12) is divided by 101?
90
Let m = 933 - 908. Calculate the remainder when 823 is divided by m.
23
Let o = -28 + 35. Let l = 3 - 4. Let u = l + o. What is the remainder when 17 is divided by u?
5
Calculate the remainder when 2964 is divided by 0 + 7/(42/(-108))*(3 + -8).
84
Suppose 0 = 32*b + 207 - 111. What is the remainder when 39 is divided by 52/6 + b*3/(-27)?
3
Let q(g) = 2*g**2 + 10*g + 14. Let r(c) = c + 1. Let p(s) = q(s) - 8*r(s). Calculate the remainder when p(5) is divided by ((-50)/(-4))/(579/(-1158)) - -48.
20
Let g = 687 - 680. Let m(d) = -3*d**2 + 20*d + 17. Suppose -3*k = 2*w - 18, -2*w = -0*w - 5*k + 14. Calculate the remainder when m(g) is divided by w.
1
Let l = 67 - 52. Calculate the remainder when 2/4*(-200)/(-4) is divided by (1 - -5)*l/10.
7
Let g(t) = -159*t + 211. Calculate the remainder when g(0) is divided by 190.
21
Let j(s) = -25*s - 22. Let p = 367 - 369. What is the remainder when j(p) is divided by 27?
1
Let g be (-1306)/(-6) + (1 - (-6)/(-9)). Let y be g/(-4) + 2/(-4) + 1. Let i = -21 - y. Calculate the remainder when i is divided by 12.
9
Suppose 61*l - 156*l = -73*l - 4312. What is the remainder when 572 is divided by l?
180
What is the remainder when 4/(-6) - (-422205)/63 - 10 is divided by 9?
4
Suppose -5*n + k = 35, -k - 31 = n - 6*k. Calculate the remainder when 49/(-7)*(1 + -4) is divided by (-2)/n*(-126)/(-7).
3
Suppose 31*v - 80 = 11*v. Suppose 12*c = v*c + 336. What is the remainder when c is divided by 26?
16
Let b be 1084 - ((-3)/12)/((-2)/8). Suppose -12*o + 273 + b = 0. Let z = o + -102. What is the remainder when 54 is divided by z?
10
Calculate the remainder when (-6)/(-12)*(377 + 13) is divided by 193.
2
Suppose -31*n = 10*n - 615. Calculate the remainder when 57 is divided by 6*(-5 + n + -9).
3
Suppose 911 + 179 = 9659*f - 9649*f. Suppose -20 = 3*g - 7*g. Suppose -g*h = 5*i - 135, -i = 2*h + 4*i - 51. Calculate the remainder when f is divided by h.
25
Let u(i) = 4*i**2 + 9*i - 2. Let a be (-2)/(174/44 - 4). Suppose 0 = -f - f - 5*z + a, 139 = 5*f - 2*z. What is the remainder when u(-5) is divided by f?
26
Let z(j) = j**3 - 15*j**2 - 36*j + 344. What is the remainder when 1462 is divided by z(16)?
22
Suppose -44*p + 1873 = 1081. Calculate the remainder when 657 is divided by p.
9
Let y = 116 + -152. Calculate the remainder when 58*2/8*2 is divided by (2/(y/(-30)))/((-2)/(-12)).
9
Suppose -94*z + 4817 = 400 - 1599. What is the remainder when 643 is divided by z?
3
Let y be (2/(-3))/(39/(-18369)). Let w = y - 272. Calculate the remainder when w is divided by 8.
2
Let g(i) = -i**3 - 3*i**2 + 6*i + 1. Let p = 120 + -118. Let t(a) = 55*a + 15. Calculate the remainder when t(p) is divided by g(-5).
20
Suppose 2*i - 6 - 5 = -o, -2*o = -4*i - 62. Let c = -3 + 27. What is the remainder when (-213)/2*(-14)/o is divided by c?
23
Let c(x) = 3*x**2 + 2*x + 1. Suppose -93*q = -1779 - 2685. What is the remainder when q is divided by c(2)?
14
Let h = -3 - -4. Let c = 3704 - 3702. What is the remainder when c is divided by h?
0
Let v = 178 + -88. Suppose v = -2*x + 4*x - c, x - 3*c = 50. What is the remainder when 172 is divided by x?
40
Suppose 208*z + 137 + 838 = 223*z. What is the remainder when 157 is divided by z?
27
Suppose 2*b - 5*q + 3 = 0, 0 + 3 = 5*b - 2*q. Calculate the remainder when 4/(-3) + 10 + 187/(-33) + 0 is divided by b.
0
Suppose -4*r - 3*l = -8*r - 13, 0 = -4*r - 3*l - 19. What is the remainder when r/10 + 6/15*151 is divided by ((-42)/2)/(-1)*1?
18
Let i = 1205 + -858. Suppose 71 = b - 4*p, p = 1408*b - 1413*b + 166. Calculate the remainder when i is divided by b.
32
Suppose 3*p - 3*q = 15, -5*p + 5*q + 22 = -p. Suppose 0 = 5*d - 2*y + p - 38, y - 15 = -4*d. What is the remainder when 11 is divided by d?
1
Suppose -2*m = 5*a - 31, -2*a + 9 = 4*m - 13. Suppose -3*n + m*f = -270, -4*n = 3*f - 147 - 199. Calculate the remainder when n is divided by 5.
3
Suppose 15 = 5*g - 5, -4*g + 40 = h. Suppose -c - c = 4*w - 38, 0 = -c - 3*w + h. What is the remainder when 25 is divided by (c - 4)/(4/8)?
5
Let o(f) = -f**2 + 14*f + 50. Let p be o(17). Let i be (26/(-3))/((p/(-3))/1). What is the remainder when 60 is divided by i*(-3)/3 + -5?
18
Suppose 5*o + 3*s = 239, 5*o - 2*s + 62 - 286 = 0. Let d be 18*-5*(-2)/15 + 3. Suppose d*c - 158 = 22. Calculate the remainder when o is divided by c.
10
Suppose 77 = -4*k + 4*v - v, 32 = -k + 5*v. Let s = 39 + k. What is the remainder when -12*(-1 - (-2)/8) + (-310 - -432) is divided by s?
21
Let f be (-35)/(-2)*204/119. Let r = 105 - f. Calculate the remainder when r is divided by 39.
36
Let q(l) = -24*l**3 - 46*l**2 - 8*l - 7. What is the remainder when q(-6) is divided by 210?
209
Let b(w) = w**2 - 7*w + 2. Let u be b(6). Let j be (-25)/10*u/5. Suppose j*z + f = 22 + 5, -4*f = -3*z + 68. What is the remainder when 29 is divided by z?
13
Let z be (-2)/(((-7)/(-21))/(-1)). Calculate the remainder when (-89)/(1 - (5 + -3)) is divided by (-6)/24*-30*z.
44
Let m = -53 - 441. Let g = -333 - m. Calculate the remainder when g is divided by 9.
8
Suppose -3*x + 4*x = -11*x + 49272. What is the remainder when x is divided by 37?
36
Let t be ((-3 - -36) + -3)/(2/1). Suppose -t*f + 894 + 1746 = 0. Calculate the remainder when f is divided by 60.
56
Let t = 121 - 120. Calculate the remainder when 67 is divided by ((-19)/t + 2)/((-8)/8).
16
Suppose -69 - 25 = -2*z - 4*c, 5*z + 2*c - 203 = 0. Suppose 14 = -b + z. Let y = 34 - b. Calculate the remainder when 14 is divided by y.
5
Suppose 0 = -15*n + 18*n - 12. Suppose n*a - 110 = -7*a. What is the remainder when 29 is divided by a?
9
Let r(c) = c**3 - 121*c**2 - 70*c + 311. Calculate the remainder when r(123) is divided by 90.
89
Suppose -2876 = -0*x - 4*x. Suppose -146*n - 26378 = -589*n + 5518. What is the remainder when x is divided by n?
71
Let r = -259 - -261. Suppose 6*a + 140 = 11*a + 5*s, -60 = -r*a - s. Calculate the remainder when a is divided by 25.
7
Suppose -26*w - 108*w - 27*w + 10948 = 0. Calculate the remainder when 811 is divided by w.
63
Let v = -234 + 240. Let b(l) = l**3 - 6*l**2 + 3*l - 5. Suppose 4*r - 22 = -3*s + s, 2*s + 2 = 0. Calculate the remainder when b(r) is divided by v.
1
Suppose -m + 10 = -7. Suppose 11*i - m*i = -18. Suppose 5*u - 83 = i*x - 4*x, 5*u = -4*x + 362. Calculate the remainder when x is divided by 32.
29
Suppose -i + 5*k + 34 = 9*k, 208 = 4*i - 2*k. Calculate the remainder when 171 is divided by i.
21
Let g(k) = 18*k**3 + k**2 - 51*k + 100. Calculate the remainder when g(2) is divided by 52.
42
Let u(n) = 5*n**2 + 4*n + 5. Suppose 9*c - 97 = 272. Suppose 34*f - c*f + 70 = 0. Calculate the remainder when u(-4) is divided by f.
9
Suppose -630 = -c + 22*u + 120, -2*u = -5*c + 2778. Let x = -28 + 43. What is the remainder when c is divided by x?
12
Let z(v) = -16*v**2 - 4 + v**3 - 2*v**3 - 22*v + 6*v. Let l(x) = -54*x**3 + x**2 + 2*x + 1. Calculate the remainder when l(-1) is divided by z(-15).
10
Let x(r) = -5*r**2 + 3 + 5*r**2 - 4*r**2 - 5*r + 3*r**2. Let l(a) = -2*a**3 - 5*a**2 - 7*a - 11. What is the remainder when l(-3) is divided by x(-5)?
1
Suppose -147*u = -148*u - 3*q + 8, 3*q - 2 = 2*u. What is the remainder when 175 is divided by u?
1
Let j(g) = 2*g**3 - 7*g**2 + 2*g + 8. Let p = 281 - 224. Calculate the remainder when p is divided by j(4).
25
Suppose y + 6 = 0, 5*o - 5*y - 1459 = 536. What is the remainder when o is divided by 50?
43
Let m = -49 - -42. What is the remainder when (-1)/1 - (-95 + m + -2) is divided by 27?
22
Let z(l) = -28*l**3 - l**2 - 5*l - 7. Let w be z(3). Let j = w - -1022. Calculate the remainder when j is divided by 112.
11
Suppose g = 2*h - 84, -188*g + 221 = 5*h - 185*g. What is the remainder when 1288 is divided by h?
41
Suppose 2*s = 